{"id":14,"date":"2020-03-14T07:06:54","date_gmt":"2020-03-14T07:06:54","guid":{"rendered":"http:\/\/mfc08.de\/wordpress\/?page_id=14"},"modified":"2026-04-02T18:56:26","modified_gmt":"2026-04-02T18:56:26","slug":"jugend","status":"publish","type":"page","link":"https:\/\/mfc08.de\/?page_id=14","title":{"rendered":"Jugendabteilung"},"content":{"rendered":"\t\t<div data-elementor-type=\"wp-page\" data-elementor-id=\"14\" class=\"elementor elementor-14\">\n\t\t\t\t\t\t<section class=\"elementor-section elementor-top-section elementor-element elementor-element-35e973f elementor-section-boxed elementor-section-height-default elementor-section-height-default\" data-id=\"35e973f\" data-element_type=\"section\" data-e-type=\"section\">\n\t\t\t\t\t\t<div class=\"elementor-container elementor-column-gap-default\">\n\t\t\t\t\t<div class=\"elementor-column elementor-col-100 elementor-top-column elementor-element elementor-element-4cbf352\" data-id=\"4cbf352\" data-element_type=\"column\" data-e-type=\"column\">\n\t\t\t<div class=\"elementor-widget-wrap elementor-element-populated\">\n\t\t\t\t\t\t<div class=\"elementor-element elementor-element-39ad463 elementor-widget elementor-widget-spacer\" data-id=\"39ad463\" data-element_type=\"widget\" data-e-type=\"widget\" data-widget_type=\"spacer.default\">\n\t\t\t\t<div class=\"elementor-widget-container\">\n\t\t\t\t\t\t\t<div class=\"elementor-spacer\">\n\t\t\t<div class=\"elementor-spacer-inner\"><\/div>\n\t\t<\/div>\n\t\t\t\t\t\t<\/div>\n\t\t\t\t<\/div>\n\t\t\t\t\t<\/div>\n\t\t<\/div>\n\t\t\t\t\t<\/div>\n\t\t<\/section>\n\t\t\t\t<section class=\"elementor-section elementor-top-section elementor-element elementor-element-f478946 elementor-section-boxed elementor-section-height-default elementor-section-height-default\" data-id=\"f478946\" data-element_type=\"section\" data-e-type=\"section\">\n\t\t\t\t\t\t<div class=\"elementor-container elementor-column-gap-default\">\n\t\t\t\t\t<div class=\"elementor-column elementor-col-100 elementor-top-column elementor-element elementor-element-5cc8146\" data-id=\"5cc8146\" data-element_type=\"column\" data-e-type=\"column\">\n\t\t\t<div class=\"elementor-widget-wrap elementor-element-populated\">\n\t\t\t\t\t\t<div class=\"elementor-element elementor-element-81eb045 elementor-widget elementor-widget-text-editor\" data-id=\"81eb045\" data-element_type=\"widget\" data-e-type=\"widget\" data-widget_type=\"text-editor.default\">\n\t\t\t\t<div class=\"elementor-widget-container\">\n\t\t\t\t\t\t\t\t\t<p>Unsere Jugendabteilung z\u00e4hlt rund 250 Mitglieder im Alter von 4 bis 18 Jahren, die aufgeteilt in 11 Mannschaften aktiv am Spielbetrieb teilnehmen.<\/p><p>Ohne die Unterst\u00fctzung unserer ehrenamtlichen Trainer w\u00e4re dies nicht m\u00f6glich.\u00a0Falls Sie Kontakt zu einem Trainer aufnehmen m\u00f6chten, finden Sie Infos dazu bei den unter Men\u00fcs der Mannschaften und auf dem Trainingsplan auf dieser Seite.<\/p><p>\u00dcbrigens ist der MFC 08 Lindenhof in den Spieljahren 2012\/2013, 2013\/2014, 2015\/2016, 2016\/2017, und 2018\/2019 Tr\u00e4ger des goldenen KLEEBlatts und 2017\/2018 Tr\u00e4ger des silberne KLEEBlatts, eine Auszeichnung des badischen Fu\u00dfballverbandes f\u00fcr herausragende Vereins- und Jugendarbeit.<\/p>\t\t\t\t\t\t\t\t<\/div>\n\t\t\t\t<\/div>\n\t\t\t\t\t<\/div>\n\t\t<\/div>\n\t\t\t\t\t<\/div>\n\t\t<\/section>\n\t\t\t\t<section class=\"elementor-section elementor-top-section elementor-element elementor-element-e22cdb0 elementor-section-boxed elementor-section-height-default elementor-section-height-default\" data-id=\"e22cdb0\" data-element_type=\"section\" data-e-type=\"section\">\n\t\t\t\t\t\t<div class=\"elementor-container elementor-column-gap-default\">\n\t\t\t\t\t<div class=\"elementor-column elementor-col-50 elementor-top-column elementor-element elementor-element-d71035d\" data-id=\"d71035d\" data-element_type=\"column\" data-e-type=\"column\">\n\t\t\t<div class=\"elementor-widget-wrap elementor-element-populated\">\n\t\t\t\t\t\t<div class=\"elementor-element elementor-element-537a1ab elementor-widget elementor-widget-image\" data-id=\"537a1ab\" data-element_type=\"widget\" data-e-type=\"widget\" data-widget_type=\"image.default\">\n\t\t\t\t<div class=\"elementor-widget-container\">\n\t\t\t\t\t\t\t\t\t\t\t\t\t\t\t<img fetchpriority=\"high\" decoding=\"async\" width=\"726\" height=\"329\" src=\"https:\/\/mfc08.de\/wp-content\/uploads\/2021\/09\/Bild1.jpg\" class=\"attachment-large size-large wp-image-3857\" alt=\"\" srcset=\"https:\/\/mfc08.de\/wp-content\/uploads\/2021\/09\/Bild1.jpg 726w, https:\/\/mfc08.de\/wp-content\/uploads\/2021\/09\/Bild1-300x136.jpg 300w\" sizes=\"(max-width: 726px) 100vw, 726px\" \/>\t\t\t\t\t\t\t\t\t\t\t\t\t\t\t<\/div>\n\t\t\t\t<\/div>\n\t\t\t\t\t<\/div>\n\t\t<\/div>\n\t\t\t\t<div class=\"elementor-column elementor-col-50 elementor-top-column elementor-element elementor-element-1d89e45\" data-id=\"1d89e45\" data-element_type=\"column\" data-e-type=\"column\">\n\t\t\t<div class=\"elementor-widget-wrap elementor-element-populated\">\n\t\t\t\t\t\t<div class=\"elementor-element elementor-element-53e32f2 elementor-widget elementor-widget-text-editor\" data-id=\"53e32f2\" data-element_type=\"widget\" data-e-type=\"widget\" data-widget_type=\"text-editor.default\">\n\t\t\t\t<div class=\"elementor-widget-container\">\n\t\t\t\t\t\t\t\t\t<p class=\"bodytext\">Das goldene KLEEblatt steht f\u00fcr:<\/p><p class=\"bodytext\"><b>K\u00a0<\/b>inder- und Jugendfreundlichkeit<br \/><b>L\u00a0<\/b>eistungsf\u00f6rderung<br \/><b>E\u00a0<\/b>hrenamtlichkeit<br \/><b>E\u00a0<\/b>ngagement f\u00fcr Freizeit- u. Breitensport<\/p>\t\t\t\t\t\t\t\t<\/div>\n\t\t\t\t<\/div>\n\t\t\t\t\t<\/div>\n\t\t<\/div>\n\t\t\t\t\t<\/div>\n\t\t<\/section>\n\t\t\t\t<section class=\"elementor-section elementor-top-section elementor-element elementor-element-7f9dd95 elementor-section-boxed elementor-section-height-default elementor-section-height-default\" data-id=\"7f9dd95\" data-element_type=\"section\" data-e-type=\"section\">\n\t\t\t\t\t\t<div class=\"elementor-container elementor-column-gap-default\">\n\t\t\t\t\t<div class=\"elementor-column elementor-col-100 elementor-top-column elementor-element elementor-element-87afb4b\" data-id=\"87afb4b\" data-element_type=\"column\" data-e-type=\"column\">\n\t\t\t<div class=\"elementor-widget-wrap\">\n\t\t\t\t\t\t\t<\/div>\n\t\t<\/div>\n\t\t\t\t\t<\/div>\n\t\t<\/section>\n\t\t\t\t<section class=\"elementor-section elementor-top-section elementor-element elementor-element-19854ad elementor-section-boxed elementor-section-height-default elementor-section-height-default\" data-id=\"19854ad\" data-element_type=\"section\" data-e-type=\"section\">\n\t\t\t\t\t\t<div class=\"elementor-container elementor-column-gap-default\">\n\t\t\t\t\t<div class=\"elementor-column elementor-col-100 elementor-top-column elementor-element elementor-element-6466e7c\" data-id=\"6466e7c\" data-element_type=\"column\" data-e-type=\"column\">\n\t\t\t<div class=\"elementor-widget-wrap elementor-element-populated\">\n\t\t\t\t\t\t<div class=\"elementor-element elementor-element-d6f2ed5 elementor-widget elementor-widget-text-editor\" data-id=\"d6f2ed5\" data-element_type=\"widget\" data-e-type=\"widget\" data-widget_type=\"text-editor.default\">\n\t\t\t\t<div class=\"elementor-widget-container\">\n\t\t\t\t\t\t\t\t\t<p class=\"MsoNormal\">Haben Sie Fragen zur Jugendabteilung oder m\u00f6chten Ihr Kind bei uns im Verein anmelden, dann kommen Sie zu den Angegeben Sprechzeiten vorbei oder vereinbaren Sie einen Termin mit der Jugendleitung per E-Mail.\u00a0\u00a0 \u00a0 \u00a0 \u00a0 \u00a0 \u00a0 \u00a0 \u00a0 \u00a0 jugendleitung@mfc08.de<\/p>\t\t\t\t\t\t\t\t<\/div>\n\t\t\t\t<\/div>\n\t\t\t\t\t<\/div>\n\t\t<\/div>\n\t\t\t\t\t<\/div>\n\t\t<\/section>\n\t\t\t\t<section class=\"elementor-section elementor-top-section elementor-element elementor-element-9c500d6 elementor-section-boxed elementor-section-height-default elementor-section-height-default\" data-id=\"9c500d6\" data-element_type=\"section\" data-e-type=\"section\">\n\t\t\t\t\t\t<div class=\"elementor-container elementor-column-gap-default\">\n\t\t\t\t\t<div class=\"elementor-column elementor-col-100 elementor-top-column elementor-element elementor-element-bf87dea\" data-id=\"bf87dea\" data-element_type=\"column\" data-e-type=\"column\">\n\t\t\t<div class=\"elementor-widget-wrap elementor-element-populated\">\n\t\t\t\t\t\t<div class=\"elementor-element elementor-element-cac925d elementor-widget elementor-widget-shortcode\" data-id=\"cac925d\" data-element_type=\"widget\" data-e-type=\"widget\" data-widget_type=\"shortcode.default\">\n\t\t\t\t<div class=\"elementor-widget-container\">\n\t\t\t\t\t\t\t<div class=\"elementor-shortcode\">\n<table id=\"tablepress-21\" class=\"tablepress tablepress-id-21 tbody-has-connected-cells\">\n<thead>\n<tr class=\"row-1\">\n\t<th class=\"column-1\">Sprechzeiten<\/th><td class=\"column-2\"><\/td><td class=\"column-3\"><\/td><td class=\"column-4\"><\/td>\n<\/tr>\n<\/thead>\n<tbody class=\"row-striping row-hover\">\n<tr class=\"row-2\">\n\t<td class=\"column-1\"><\/td><td class=\"column-2\"><\/td><td class=\"column-3\"><\/td><td class=\"column-4\"><\/td>\n<\/tr>\n<tr class=\"row-3\">\n\t<td class=\"column-1\"><\/td><td colspan=\"3\" class=\"column-2\">derzeit nur nach Vereinbarung per E-Mail jugendleitung@mfc08.de<\/td>\n<\/tr>\n<tr class=\"row-4\">\n\t<td class=\"column-1\"><\/td><td class=\"column-2\"><\/td><td class=\"column-3\"><\/td><td class=\"column-4\"><\/td>\n<\/tr>\n<tr class=\"row-5\">\n\t<td class=\"column-1\"><\/td><td class=\"column-2\"><\/td><td class=\"column-3\"><\/td><td class=\"column-4\"><\/td>\n<\/tr>\n<tr class=\"row-6\">\n\t<td class=\"column-1\"><\/td><td colspan=\"3\" class=\"column-2\"><\/td>\n<\/tr>\n<\/tbody>\n<\/table>\n<!-- #tablepress-21 from cache --><\/div>\n\t\t\t\t\t\t<\/div>\n\t\t\t\t<\/div>\n\t\t\t\t\t<\/div>\n\t\t<\/div>\n\t\t\t\t\t<\/div>\n\t\t<\/section>\n\t\t\t\t<\/div>\n\t\t","protected":false},"excerpt":{"rendered":"<p>Unsere Jugendabteilung z\u00e4hlt rund 250 Mitglieder im Alter von 4 bis 18 Jahren, die aufgeteilt in 11 Mannschaften aktiv am Spielbetrieb teilnehmen. Ohne die Unterst\u00fctzung unserer ehrenamtlichen Trainer w\u00e4re dies nicht m\u00f6glich.\u00a0Falls Sie Kontakt zu einem Trainer aufnehmen m\u00f6chten, finden Sie Infos dazu bei den unter Men\u00fcs der Mannschaften und auf dem Trainingsplan auf dieser&hellip;&nbsp;<a href=\"https:\/\/mfc08.de\/?page_id=14\" rel=\"bookmark\">Weiterlesen &raquo;<span class=\"screen-reader-text\">Jugendabteilung<\/span><\/a><\/p>\n","protected":false},"author":1,"featured_media":0,"parent":16,"menu_order":0,"comment_status":"closed","ping_status":"closed","template":"","meta":{"neve_meta_sidebar":"","neve_meta_container":"","neve_meta_enable_content_width":"","neve_meta_content_width":0,"neve_meta_title_alignment":"center","neve_meta_author_avatar":"","neve_post_elements_order":"","neve_meta_disable_header":"","neve_meta_disable_footer":"","neve_meta_disable_title":"","_themeisle_gutenberg_block_has_review":false,"footnotes":""},"class_list":["post-14","page","type-page","status-publish","hentry"],"_links":{"self":[{"href":"https:\/\/mfc08.de\/index.php?rest_route=\/wp\/v2\/pages\/14","targetHints":{"allow":["GET"]}}],"collection":[{"href":"https:\/\/mfc08.de\/index.php?rest_route=\/wp\/v2\/pages"}],"about":[{"href":"https:\/\/mfc08.de\/index.php?rest_route=\/wp\/v2\/types\/page"}],"author":[{"embeddable":true,"href":"https:\/\/mfc08.de\/index.php?rest_route=\/wp\/v2\/users\/1"}],"replies":[{"embeddable":true,"href":"https:\/\/mfc08.de\/index.php?rest_route=%2Fwp%2Fv2%2Fcomments&post=14"}],"version-history":[{"count":87,"href":"https:\/\/mfc08.de\/index.php?rest_route=\/wp\/v2\/pages\/14\/revisions"}],"predecessor-version":[{"id":10090,"href":"https:\/\/mfc08.de\/index.php?rest_route=\/wp\/v2\/pages\/14\/revisions\/10090"}],"up":[{"embeddable":true,"href":"https:\/\/mfc08.de\/index.php?rest_route=\/wp\/v2\/pages\/16"}],"wp:attachment":[{"href":"https:\/\/mfc08.de\/index.php?rest_route=%2Fwp%2Fv2%2Fmedia&parent=14"}],"curies":[{"name":"wp","href":"https:\/\/api.w.org\/{rel}","templated":true}]}}

<div data-elementor-type="wp-page" data-elementor-id="14" class="elementor elementor-14">
						<section class="elementor-section elementor-top-section elementor-element elementor-element-35e973f elementor-section-boxed elementor-section-height-default elementor-section-height-default" data-id="35e973f" data-element_type="section" data-e-type="section">
						<div class="elementor-container elementor-column-gap-default">
					<div class="elementor-column elementor-col-100 elementor-top-column elementor-element elementor-element-4cbf352" data-id="4cbf352" data-element_type="column" data-e-type="column">
			<div class="elementor-widget-wrap elementor-element-populated">
						<div class="elementor-element elementor-element-39ad463 elementor-widget elementor-widget-spacer" data-id="39ad463" data-element_type="widget" data-e-type="widget" data-widget_type="spacer.default">
				<div class="elementor-widget-container">
							<div class="elementor-spacer">
			<div class="elementor-spacer-inner"></div>
		</div>
						</div>
				</div>
					</div>
		</div>
					</div>
		</section>
				<section class="elementor-section elementor-top-section elementor-element elementor-element-f478946 elementor-section-boxed elementor-section-height-default elementor-section-height-default" data-id="f478946" data-element_type="section" data-e-type="section">
						<div class="elementor-container elementor-column-gap-default">
					<div class="elementor-column elementor-col-100 elementor-top-column elementor-element elementor-element-5cc8146" data-id="5cc8146" data-element_type="column" data-e-type="column">
			<div class="elementor-widget-wrap elementor-element-populated">
						<div class="elementor-element elementor-element-81eb045 elementor-widget elementor-widget-text-editor" data-id="81eb045" data-element_type="widget" data-e-type="widget" data-widget_type="text-editor.default">
				<div class="elementor-widget-container">
									<p>Unsere Jugendabteilung zählt rund 250 Mitglieder im Alter von 4 bis 18 Jahren, die aufgeteilt in 11 Mannschaften aktiv am Spielbetrieb teilnehmen.</p><p>Ohne die Unterstützung unserer ehrenamtlichen Trainer wäre dies nicht möglich. Falls Sie Kontakt zu einem Trainer aufnehmen möchten, finden Sie Infos dazu bei den unter Menüs der Mannschaften und auf dem Trainingsplan auf dieser Seite.</p><p>Übrigens ist der MFC 08 Lindenhof in den Spieljahren 2012/2013, 2013/2014, 2015/2016, 2016/2017, und 2018/2019 Träger des goldenen KLEEBlatts und 2017/2018 Träger des silberne KLEEBlatts, eine Auszeichnung des badischen Fußballverbandes für herausragende Vereins- und Jugendarbeit.</p>								</div>
				</div>
					</div>
		</div>
					</div>
		</section>
				<section class="elementor-section elementor-top-section elementor-element elementor-element-e22cdb0 elementor-section-boxed elementor-section-height-default elementor-section-height-default" data-id="e22cdb0" data-element_type="section" data-e-type="section">
						<div class="elementor-container elementor-column-gap-default">
					<div class="elementor-column elementor-col-50 elementor-top-column elementor-element elementor-element-d71035d" data-id="d71035d" data-element_type="column" data-e-type="column">
			<div class="elementor-widget-wrap elementor-element-populated">
						<div class="elementor-element elementor-element-537a1ab elementor-widget elementor-widget-image" data-id="537a1ab" data-element_type="widget" data-e-type="widget" data-widget_type="image.default">
				<div class="elementor-widget-container">
															<img fetchpriority="high" decoding="async" width="726" height="329" src="https://mfc08.de/wp-content/uploads/2021/09/Bild1.jpg" class="attachment-large size-large wp-image-3857" alt="" srcset="https://mfc08.de/wp-content/uploads/2021/09/Bild1.jpg 726w, https://mfc08.de/wp-content/uploads/2021/09/Bild1-300x136.jpg 300w" sizes="(max-width: 726px) 100vw, 726px" />															</div>
				</div>
					</div>
		</div>
				<div class="elementor-column elementor-col-50 elementor-top-column elementor-element elementor-element-1d89e45" data-id="1d89e45" data-element_type="column" data-e-type="column">
			<div class="elementor-widget-wrap elementor-element-populated">
						<div class="elementor-element elementor-element-53e32f2 elementor-widget elementor-widget-text-editor" data-id="53e32f2" data-element_type="widget" data-e-type="widget" data-widget_type="text-editor.default">
				<div class="elementor-widget-container">
									<p class="bodytext">Das goldene KLEEblatt steht für:</p><p class="bodytext"><b>K </b>inder- und Jugendfreundlichkeit<br /><b>L </b>eistungsförderung<br /><b>E </b>hrenamtlichkeit<br /><b>E </b>ngagement für Freizeit- u. Breitensport</p>								</div>
				</div>
					</div>
		</div>
					</div>
		</section>
				<section class="elementor-section elementor-top-section elementor-element elementor-element-7f9dd95 elementor-section-boxed elementor-section-height-default elementor-section-height-default" data-id="7f9dd95" data-element_type="section" data-e-type="section">
						<div class="elementor-container elementor-column-gap-default">
					<div class="elementor-column elementor-col-100 elementor-top-column elementor-element elementor-element-87afb4b" data-id="87afb4b" data-element_type="column" data-e-type="column">
			<div class="elementor-widget-wrap">
							</div>
		</div>
					</div>
		</section>
				<section class="elementor-section elementor-top-section elementor-element elementor-element-19854ad elementor-section-boxed elementor-section-height-default elementor-section-height-default" data-id="19854ad" data-element_type="section" data-e-type="section">
						<div class="elementor-container elementor-column-gap-default">
					<div class="elementor-column elementor-col-100 elementor-top-column elementor-element elementor-element-6466e7c" data-id="6466e7c" data-element_type="column" data-e-type="column">
			<div class="elementor-widget-wrap elementor-element-populated">
						<div class="elementor-element elementor-element-d6f2ed5 elementor-widget elementor-widget-text-editor" data-id="d6f2ed5" data-element_type="widget" data-e-type="widget" data-widget_type="text-editor.default">
				<div class="elementor-widget-container">
									<p class="MsoNormal">Haben Sie Fragen zur Jugendabteilung oder möchten Ihr Kind bei uns im Verein anmelden, dann kommen Sie zu den Angegeben Sprechzeiten vorbei oder vereinbaren Sie einen Termin mit der Jugendleitung per E-Mail.                   jugendleitung@mfc08.de</p>								</div>
				</div>
					</div>
		</div>
					</div>
		</section>
				<section class="elementor-section elementor-top-section elementor-element elementor-element-9c500d6 elementor-section-boxed elementor-section-height-default elementor-section-height-default" data-id="9c500d6" data-element_type="section" data-e-type="section">
						<div class="elementor-container elementor-column-gap-default">
					<div class="elementor-column elementor-col-100 elementor-top-column elementor-element elementor-element-bf87dea" data-id="bf87dea" data-element_type="column" data-e-type="column">
			<div class="elementor-widget-wrap elementor-element-populated">
						<div class="elementor-element elementor-element-cac925d elementor-widget elementor-widget-shortcode" data-id="cac925d" data-element_type="widget" data-e-type="widget" data-widget_type="shortcode.default">
				<div class="elementor-widget-container">
							<div class="elementor-shortcode">
<table id="tablepress-21" class="tablepress tablepress-id-21 tbody-has-connected-cells">
<thead>
<tr class="row-1">
	<th class="column-1">Sprechzeiten</th><td class="column-2"></td><td class="column-3"></td><td class="column-4"></td>
</tr>
</thead>
<tbody class="row-striping row-hover">
<tr class="row-2">
	<td class="column-1"></td><td class="column-2"></td><td class="column-3"></td><td class="column-4"></td>
</tr>
<tr class="row-3">
	<td class="column-1"></td><td colspan="3" class="column-2">derzeit nur nach Vereinbarung per E-Mail jugendleitung@mfc08.de</td>
</tr>
<tr class="row-4">
	<td class="column-1"></td><td class="column-2"></td><td class="column-3"></td><td class="column-4"></td>
</tr>
<tr class="row-5">
	<td class="column-1"></td><td class="column-2"></td><td class="column-3"></td><td class="column-4"></td>
</tr>
<tr class="row-6">
	<td class="column-1"></td><td colspan="3" class="column-2"></td>
</tr>
</tbody>
</table>
<!-- #tablepress-21 from cache --></div>
						</div>
				</div>
					</div>
		</div>
					</div>
		</section>
				</div>

<p>Unsere Jugendabteilung zählt rund 250 Mitglieder im Alter von 4 bis 18 Jahren, die aufgeteilt in 11 Mannschaften aktiv am Spielbetrieb teilnehmen. Ohne die Unterstützung unserer ehrenamtlichen Trainer wäre dies nicht möglich. Falls Sie Kontakt zu einem Trainer aufnehmen möchten, finden Sie Infos dazu bei den unter Menüs der Mannschaften und auf dem Trainingsplan auf dieser&hellip;&nbsp;<a href="https://mfc08.de/?page_id=14" rel="bookmark">Weiterlesen &raquo;<span class="screen-reader-text">Jugendabteilung</span></a></p>
