{"id":492,"date":"2020-04-09T11:46:03","date_gmt":"2020-04-09T11:46:03","guid":{"rendered":"http:\/\/mfc08.de\/wordpress\/?page_id=492"},"modified":"2021-05-13T13:03:20","modified_gmt":"2021-05-13T13:03:20","slug":"datenschutzerklaerung","status":"publish","type":"page","link":"https:\/\/mfc08.de\/?page_id=492","title":{"rendered":"Datenschutzerkl\u00e4rung"},"content":{"rendered":"\t\t<div data-elementor-type=\"wp-page\" data-elementor-id=\"492\" class=\"elementor elementor-492\">\n\t\t\t\t\t\t<section class=\"elementor-section elementor-top-section elementor-element elementor-element-4cedd7cb elementor-section-boxed elementor-section-height-default elementor-section-height-default\" data-id=\"4cedd7cb\" data-element_type=\"section\" data-e-type=\"section\">\n\t\t\t\t\t\t<div class=\"elementor-container elementor-column-gap-default\">\n\t\t\t\t\t<div class=\"elementor-column elementor-col-100 elementor-top-column elementor-element elementor-element-51cdd0ee\" data-id=\"51cdd0ee\" data-element_type=\"column\" data-e-type=\"column\">\n\t\t\t<div class=\"elementor-widget-wrap elementor-element-populated\">\n\t\t\t\t\t\t<div class=\"elementor-element elementor-element-6edf2a6e elementor-widget elementor-widget-text-editor\" data-id=\"6edf2a6e\" data-element_type=\"widget\" data-e-type=\"widget\" data-widget_type=\"text-editor.default\">\n\t\t\t\t<div class=\"elementor-widget-container\">\n\t\t\t\t\t\t\t\t\t\n<div class=\"wp-block-themeisle-blocks-advanced-columns has-1-columns has-desktop-equal-layout has-tablet-equal-layout has-mobile-equal-layout has-default-gap has-vertical-unset\" id=\"wp-block-themeisle-blocks-advanced-columns-759ccabd\"><div class=\"wp-block-themeisle-blocks-advanced-columns-overlay\"><\/div><div class=\"innerblocks-wrap\">\n<div class=\"wp-block-themeisle-blocks-advanced-column\" id=\"wp-block-themeisle-blocks-advanced-column-e8f85d8b\">\n<h3 class=\"wp-block-heading\">Informationspflicht gem\u00e4\u00df Artikel 13 DSGVO.<\/h3>\n\n\n\n<h3 class=\"wp-block-heading\">Verantwortliche Stelle<\/h3>\n\n\n\n<p>Mannheimer Fu\u00dfballclub 1908 Lindenhof e.V.<br>Promenadenweg 15<br>68199 Mannheim<\/p>\n\n\n\n<h3 class=\"wp-block-heading\">\u00dcbersicht<\/h3>\n\n\n\n<p>&nbsp;\u00b7&nbsp; Datenschutz bez\u00fcglich der Nutzung der Website<\/p>\n\n\n\n<p>&nbsp;\u00b7&nbsp; Datenschutz bez\u00fcglich der Mitgliedschaft in dem Verein<\/p>\n\n\n\n<h3 class=\"wp-block-heading\">Datenschutz bez\u00fcglich der Nutzung der Website<\/h3>\n\n\n\n<h4 class=\"wp-block-heading\">Erhebung, Verarbeitung und Nutzung Ihrer Daten<\/h4>\n\n\n\n<p>Die Datenschutzpraxis des Mannheimer Fu\u00dfballclub 1908 Lindenhof e.V. steht im Einklang mit dem Bundesdatenschutzgesetz (BDSG) sowie dem Telemediengesetz (TMG). Sie k\u00f6nnen unsere Seite besuchen, ohne Angaben zu Ihrer Person zu machen. Wir speichern lediglich Zugriffsdaten ohne Personenbezug wie z.B. den Namen Ihres Internet Service Providers, die Seite, von der aus Sie uns besuchen oder den Namen der angeforderten Datei. Diese Daten werden ausschlie\u00dflich zur Verbesserung unseres Angebotes ausgewertet und erlauben keinen R\u00fcckschluss auf Ihre Person.<\/p>\n\n\n\n<h4 class=\"wp-block-heading\">Verwendung von Sitzungs- und Langzeit-Cookies<\/h4>\n\n\n\n<p>Wir verwenden keine Cookies.<\/p>\n\n\n\n<h4 class=\"wp-block-heading\">Verwendung von Facebook Social Plugins<\/h4>\n\n\n\n<p>Unser Internetauftritt verwendet ein Social Plugin (&#8222;Plugin&#8220;) des sozialen Netzwerkes facebook.com, welches von der Facebook Inc., 1601 S. California Ave, Palo Alto, CA 94304, USA betrieben wird (&#8222;Facebook&#8220;). Das Plugin ist mit dem Facebook Logo gekennzeichnet.<\/p>\n\n\n\n<p>Wenn Sie&nbsp;<a href=\"https:\/\/www.gartenstadt-genossenschaft.de\/?site=facebook\" target=\"_blank\" rel=\"noreferrer noopener\">das<\/a>&nbsp;Social Plugin unseres Internetauftritts aufrufen, baut Ihr Browser eine direkte Verbindung mit den Servern von Facebook auf. Der Inhalt des Plugins wird von Facebook direkt an Ihren Browser \u00fcbermittelt und von diesem in die Webseite eingebunden.<\/p>\n\n\n\n<p>Durch die Einbindung der Plugins erh\u00e4lt Facebook die Information, dass Sie diese entsprechende Seite unseres Internetauftritts aufgerufen haben. Sind Sie bei Facebook eingeloggt, kann Facebook den Besuch Ihrem Facebook-Konto zuordnen. Wenn Sie mit den Plugins interagieren, zum Beispiel den &#8222;Gef\u00e4llt mir&#8220; Button bet\u00e4tigen oder einen Kommentar abgeben, wird die entsprechende Information von Ihrem Browser direkt an Facebook \u00fcbermittelt und dort gespeichert.<\/p>\n\n\n\n<p>Zweck und Umfang der Datenerhebung und die weitere Verarbeitung und Nutzung der Daten durch Facebook sowie Ihre diesbez\u00fcglichen Rechte und Einstellungsm\u00f6glichkeiten zum Schutz Ihrer Privatsph\u00e4re entnehmen Sie bitte den&nbsp;<a href=\"http:\/\/www.facebook.com\/policy.php\" target=\"_blank\" rel=\"noreferrer noopener\">Datenschutzhinweisen von Facebook<\/a>.<\/p>\n\n\n\n<p>Wenn Sie nicht m\u00f6chten, dass Facebook \u00fcber unseren Internetauftritt Daten \u00fcber Sie sammelt so verwenden sie&nbsp;<a href=\"https:\/\/www.gartenstadt-genossenschaft.de\/?site=facebook\" target=\"_blank\" rel=\"noreferrer noopener\">das<\/a>&nbsp;Social Plugin nicht oder loggen Sie sich vor dem Besuch dieser Seite bei Facebook aus.<\/p>\n\n\n\n<h3 class=\"wp-block-heading\">Datenschutz bez\u00fcglich der Mitgliedschaft im Verein<\/h3>\n\n\n\n<h4 class=\"wp-block-heading\"><strong>Zweckbestimmung der Datenverarbeitung<\/strong><\/h4>\n\n\n\n<p>Verwaltung der Mitgliedschaft<\/p>\n\n\n\n<p>1.&nbsp;&nbsp;&nbsp; Mitgliederwesen (F\u00fchrung der Mitgliederliste)<\/p>\n\n\n\n<p>2.&nbsp;&nbsp;&nbsp; Meldewesen der Sportverb\u00e4nde<\/p>\n\n\n\n<p>3.&nbsp;&nbsp;&nbsp; Erstellung von Spielerp\u00e4ssen<\/p>\n\n\n\n<h4 class=\"wp-block-heading\">Rechtsgrundlagen der Verarbeitung<\/h4>\n\n\n\n<p>Rechtfertigung<\/p>\n\n\n\n<p>1.&nbsp;&nbsp;&nbsp; Vertrag: Mitgliedschaft, Aufnahmeantrag, Satzung<\/p>\n\n\n\n<p>2.&nbsp;&nbsp;&nbsp; Gesetz: Vereinsgesetz, Einkommensteuergesetz, Buchhaltungspflichten nach Vereinsgesetz<\/p>\n\n\n\n<h4 class=\"wp-block-heading\">Kategorien von Empf\u00e4ngern von personenbezogenen Daten<\/h4>\n\n\n\n<p>1.&nbsp;&nbsp;&nbsp; Intern<\/p>\n\n\n\n<p>&nbsp;\u00b7&nbsp; Vorstandschaft<\/p>\n\n\n\n<p>&nbsp;\u00b7&nbsp; Redaktion 08 Freund<\/p>\n\n\n\n<p>2.&nbsp;&nbsp;&nbsp; Extern<\/p>\n\n\n\n<p>&nbsp;\u00b7&nbsp; Sportverb\u00e4nde<\/p>\n\n\n\n<p>3.&nbsp;&nbsp;&nbsp; \u00c4mter und Beh\u00f6rden (sofern Daten auf gesetzlicher Grundlage angefordert werden bzw. bereitzustellen sind)<\/p>\n\n\n\n<p>&nbsp;\u00b7&nbsp; Finanzbeh\u00f6rden<\/p>\n\n\n\n<h4 class=\"wp-block-heading\">Geplante Daten\u00fcbermittlung in Drittstaaten<\/h4>\n\n\n\n<p>Es erfolgt keine \u00dcbermittlung in Staaten au\u00dferhalb der EU und ist auch nicht geplant.<\/p>\n\n\n\n<h4 class=\"wp-block-heading\">Nach Artikel 13 Abs. 2 DSGVO zur Verf\u00fcgung zu stellende Informationen<\/h4>\n\n\n\n<p><strong>1.&nbsp;&nbsp;&nbsp; Betroffenenrechte<\/strong><br><br>Sie haben das Recht auf:<br><\/p>\n\n\n\n<p>\u00b7&nbsp; 1.1 Auskunft \u00fcber Ihre gespeicherten und verarbeiteten personenbezogenen Daten<\/p>\n\n\n\n<p>\u00b7&nbsp; 1.2 Berichtigung Ihrer hinterlegten personenbezogenen Daten<\/p>\n\n\n\n<p>\u00b7&nbsp;&nbsp;1.3 L\u00f6schung Ihrer nicht mehr ben\u00f6tigten Daten<\/p>\n\n\n\n<p>\u00b7&nbsp;1.4 Einschr\u00e4nkung der Nutzung Ihrer Daten<\/p>\n\n\n\n<p>\u00b7&nbsp; 1.5 Widerspruch (speziell bei zuvor gegebenen Einwilligungen)<\/p>\n\n\n\n<p>\u00b7&nbsp; 1.6 Daten\u00fcbertragbarkeit<\/p>\n\n\n\n<p><strong>2.&nbsp;&nbsp;&nbsp; Speicherdauer<\/strong><\/p>\n\n\n\n<p>\u00b7&nbsp; 2.1 Daten aufgrund eines Aufnahmeantrags werden gel\u00f6scht, wenn es nicht zur Aufnahme in den Verein kommt.<\/p>\n\n\n\n<p>\u00b7&nbsp; 2.2 Bei laufenden Mitgliedschaftsverh\u00e4ltnissen erfolgt die Speicherung nach den gesetzlichen Aufbewahrungsvorschriften.<\/p>\n\n\n\n<p>\u00b7&nbsp; 2.3 Nach Beendigung der Mitgliedschaft erfolgt die L\u00f6schung nach Ablauf der gesetzlichen Aufbewahrungsvorschriften.<\/p>\n\n\n\n<p><strong>3.&nbsp;&nbsp;&nbsp; Widerruf bei Einwilligung<\/strong><br><br>Erfolgt die Speicherung Ihrer Daten aufgrund Ihrer Einwilligung, k\u00f6nnen Sie die Einwilligung widerrufen. Die Speicherung Ihrer Daten erfolgt i.d.R. auf vertraglicher Grundlage bzw. aufgrund einer Vertragsanbahnung. Eine Einwilligung liegt in solchen F\u00e4llen nicht vor.<\/p>\n\n\n\n<p><strong>4.&nbsp;&nbsp;&nbsp; Beschwerderecht bei einer Aufsichtsbeh\u00f6rde<\/strong><\/p>\n\n\n\n<p>\u00b7&nbsp; 4.1 Gem\u00e4\u00df Artikel 77 DSGVO haben Sie das Recht auf Beschwerde bei einer Aufsichtsbeh\u00f6rde, wenn Sie der Ansicht sind, dass die Verarbeitung der Sie betreffenden personenbezogenen Daten gegen die DSGVO oder das BDSG verst\u00f6\u00dft.<\/p>\n\n\n\n<p>\u00b7&nbsp; 4.2 Beschwerden richten Sie bitte an:<\/p>\n\n\n\n<p>Der Landesbeauftragte f\u00fcr den Datenschutz und die Informationsfreiheit<br>K\u00f6nigstr. 10a<br>70173 Stuttgart<br>Telefon: 0711\/6155410<br>E-Mail:&nbsp;<a>poststelle@lfdi.bwl.de<\/a><\/p>\n\n\n\n<p><strong>5.&nbsp;&nbsp;&nbsp; Bereitstellung Ihrer personenbezogenen Daten und die Folgen der Nichtbereitstellung<\/strong><\/p>\n\n\n\n<p>Die Bereitstellung ihrer personenbezogenen Daten ist f\u00fcr die Anbahnung und Durchf\u00fchrung der Mitgliedschaft erforderlich. Ohne diese Daten k\u00f6nnen wir Ihre Aufnahme als Mitglied nicht abschlie\u00dfen oder durchf\u00fchren.<\/p>\n\n\n\n<p><strong>6.&nbsp;&nbsp;&nbsp; Automatische Entscheidungsfindung<\/strong><\/p>\n\n\n\n<p>Eine automatisierte Entscheidungsfindung erfolgt nicht.<\/p>\n<\/div>\n<\/div><\/div>\n\n\n\n<p><\/p>\n\t\t\t\t\t\t\t\t<\/div>\n\t\t\t\t<\/div>\n\t\t\t\t\t<\/div>\n\t\t<\/div>\n\t\t\t\t\t<\/div>\n\t\t<\/section>\n\t\t\t\t<section class=\"elementor-section elementor-top-section elementor-element elementor-element-cf17744 elementor-section-boxed elementor-section-height-default elementor-section-height-default\" data-id=\"cf17744\" data-element_type=\"section\" data-e-type=\"section\">\n\t\t\t\t\t\t<div class=\"elementor-container elementor-column-gap-default\">\n\t\t\t\t\t<div class=\"elementor-column elementor-col-100 elementor-top-column elementor-element elementor-element-c275001\" data-id=\"c275001\" data-element_type=\"column\" data-e-type=\"column\">\n\t\t\t<div class=\"elementor-widget-wrap elementor-element-populated\">\n\t\t\t\t\t\t<div class=\"elementor-element elementor-element-c172b99 elementor-widget elementor-widget-text-editor\" data-id=\"c172b99\" data-element_type=\"widget\" data-e-type=\"widget\" data-widget_type=\"text-editor.default\">\n\t\t\t\t<div class=\"elementor-widget-container\">\n\t\t\t\t\t\t\t\t\t<p>Diese Website nutzt das Petitionsformular der openPetition gGmbH, Greifswalder Str. 4, 10405 Berlin. Die openPetition gGmbH stellt die technische Plattform f\u00fcr die Sammlung von Petitionsunterschriften zur Verf\u00fcgung. Die von Ihnen bei der Petition eingegebenen Daten (z.B. Name, Adresse, Kommentar) werden von openPetition zur Gew\u00e4hrleistung der Petition auf Servern in Deutschland gespeichert und verarbeitet. Bei jedem Seitenaufruf der Petitionsseite werden Browser-Informationen (z.B. Browser-Typ, Betriebssystem, IP-Adresse, Uhrzeit und der Referrer) gespeichert. Die Logfiles werden statistisch ausgewertet und helfen, den fehlerfreien Betrieb der Seiten sicherzustellen. Es gelten die\u00a0<a href=\"https:\/\/www.openpetition.de\/content\/data_privacy\">Datenschutzbestimmungen<\/a>\u00a0von openPetition.<\/p>\t\t\t\t\t\t\t\t<\/div>\n\t\t\t\t<\/div>\n\t\t\t\t\t<\/div>\n\t\t<\/div>\n\t\t\t\t\t<\/div>\n\t\t<\/section>\n\t\t\t\t<\/div>\n\t\t","protected":false},"excerpt":{"rendered":"<p>Diese Website nutzt das Petitionsformular der openPetition gGmbH, Greifswalder Str. 4, 10405 Berlin. Die openPetition gGmbH stellt die technische Plattform f\u00fcr die Sammlung von Petitionsunterschriften zur Verf\u00fcgung. Die von Ihnen bei der Petition eingegebenen Daten (z.B. Name, Adresse, Kommentar) werden von openPetition zur Gew\u00e4hrleistung der Petition auf Servern in Deutschland gespeichert und verarbeitet. Bei jedem&hellip;&nbsp;<a href=\"https:\/\/mfc08.de\/?page_id=492\" rel=\"bookmark\">Weiterlesen &raquo;<span class=\"screen-reader-text\">Datenschutzerkl\u00e4rung<\/span><\/a><\/p>\n","protected":false},"author":1,"featured_media":0,"parent":0,"menu_order":0,"comment_status":"closed","ping_status":"closed","template":"","meta":{"neve_meta_sidebar":"full-width","neve_meta_container":"","neve_meta_enable_content_width":"on","neve_meta_content_width":100,"neve_meta_title_alignment":"center","neve_meta_author_avatar":"","neve_post_elements_order":"","neve_meta_disable_header":"","neve_meta_disable_footer":"","neve_meta_disable_title":"","_themeisle_gutenberg_block_has_review":false,"footnotes":""},"class_list":["post-492","page","type-page","status-publish","hentry"],"_links":{"self":[{"href":"https:\/\/mfc08.de\/index.php?rest_route=\/wp\/v2\/pages\/492","targetHints":{"allow":["GET"]}}],"collection":[{"href":"https:\/\/mfc08.de\/index.php?rest_route=\/wp\/v2\/pages"}],"about":[{"href":"https:\/\/mfc08.de\/index.php?rest_route=\/wp\/v2\/types\/page"}],"author":[{"embeddable":true,"href":"https:\/\/mfc08.de\/index.php?rest_route=\/wp\/v2\/users\/1"}],"replies":[{"embeddable":true,"href":"https:\/\/mfc08.de\/index.php?rest_route=%2Fwp%2Fv2%2Fcomments&post=492"}],"version-history":[{"count":6,"href":"https:\/\/mfc08.de\/index.php?rest_route=\/wp\/v2\/pages\/492\/revisions"}],"predecessor-version":[{"id":3194,"href":"https:\/\/mfc08.de\/index.php?rest_route=\/wp\/v2\/pages\/492\/revisions\/3194"}],"wp:attachment":[{"href":"https:\/\/mfc08.de\/index.php?rest_route=%2Fwp%2Fv2%2Fmedia&parent=492"}],"curies":[{"name":"wp","href":"https:\/\/api.w.org\/{rel}","templated":true}]}}